{"id":75,"date":"2025-10-23T09:31:27","date_gmt":"2025-10-23T07:31:27","guid":{"rendered":"https:\/\/www.transaltitude.fr\/?post_type=station&#038;p=75"},"modified":"2026-01-05T18:24:33","modified_gmt":"2026-01-05T17:24:33","slug":"les-2-alpes","status":"publish","type":"station","link":"https:\/\/www.transaltitude.fr\/fr\/station\/les-2-alpes\/","title":{"rendered":"2 Alpes"},"content":{"rendered":"\n<h2 class=\"wp-block-heading\">Tarifs saison 2025 &#8211; 2026 AU D\u00c9PART DE gRENOBLE GARE ROUTI\u00c8RE<\/h2>\n\n\n\n<div class=\"wp-block-group station-table-price is-layout-flow wp-block-group-is-layout-flow\">\n<div class=\"wp-block-group station-table-price is-layout-flow wp-block-group-is-layout-flow\">\n<figure class=\"wp-block-table\"><table><thead><tr><th>Prix de vente<\/th><th>\u00c0 bord<\/th><th>En agences<\/th><th>Sur le web<\/th><\/tr><\/thead><tbody><tr><td>Plein tarif (pour tous) Aller simple<\/td><td>30 \u20ac<\/td><td>25,50 \u20ac<\/td><td>23,50 \u20ac<\/td><\/tr><tr><td>Plein tarif (pour tous) Aller-retour<\/td><td>&#8211;<\/td><td>46 \u20ac<\/td><td>42 \u20ac<\/td><\/tr><tr><td>Tarif r\u00e9duit (- de 26 ans et + de 70 ans) Aller simple<\/td><td>&#8211;<\/td><td>21,50 \u20ac<\/td><td>20 \u20ac<\/td><\/tr><tr><td>Tarif r\u00e9duit (- de 26 ans et + de 70 ans) Aller-retour<\/td><td>&#8211;<\/td><td>39 \u20ac<\/td><td>36 \u20ac<\/td><\/tr><tr><td>Tarif r\u00e9duit (abonn\u00e9 cars R\u00e9gion) Aller simple<\/td><td>&#8211;<\/td><td>16,50 \u20ac<\/td><td>14,50 \u20ac<\/td><\/tr><tr><td>Tarif r\u00e9duit (abonn\u00e9 cars R\u00e9gion) Aller-retour<\/td><td>&#8211;<\/td><td>30 \u20ac<\/td><td>26 \u20ac<\/td><\/tr><tr><td>Tarif TRIBU (5 personnes qui voyagent en m\u00eame temps) Aller simple<\/td><td>&#8211;<\/td><td>80 \u20ac<\/td><td>75 \u20ac<\/td><\/tr><tr><td>Tarif TRIBU (5 personnes qui voyagent en m\u00eame temps) Aller-retour<\/td><td>&#8211;<\/td><td>152 \u20ac<\/td><td>143 \u20ac<\/td><\/tr><tr><td>Tarif JOURN\u00c9E Aller-retour dans la m\u00eame journ\u00e9e<\/td><td>&#8211;<\/td><td>27,50 \u20ac<\/td><td>26 \u20ac<\/td><\/tr><\/tbody><\/table><\/figure>\n<\/div>\n\n\n\n<p class=\"has-info-color has-text-color has-link-color wp-elements-77eb2f9f07352291efaf899b8d6c6aec\"><strong>Gratuit\u00e9 pour les enfants de moins de 3 ans (r\u00e9servation obligatoire).<\/strong><\/p>\n\n\n\n<p class=\"has-info-color has-text-color has-link-color wp-elements-daa6f2a8883828c7dc6ea3892ffa3256\"><strong>Bagage suppl\u00e9mentaire (en plus du pack bagages inclus dans le prix de votre billet) : 50 \u20ac.<\/strong><\/p>\n<\/div>\n\n\n\n<p>Erratum : sur la fiche horaire papier, sur la p\u00e9riode 20\/12\/25 au 29\/03\/26, dans le sens Grenoble \/ Les 2 Alpes \/ dimanche et jours f\u00e9ri\u00e9s le car de 12h30 fonctionne uniquement les 21, 22, 28\/02\/2026 et 01\/03\/2026. Le car de 14h00 fonctionne sur toute la p\u00e9riode.<\/p>\n\n\n\n<p>D\u00e9fil\u00e9 \u00ab\u00a0Magic Avenue\u00a0\u00bb aux 2 Alpes les 10, 27, 24 f\u00e9vrier et 3 mars, avenue de la Muzelle, de 18h00 \u00e0 19h30. Perturbations \u00e0 pr\u00e9voir.<\/p>\n\n\n\n<p><\/p>\n","protected":false},"template":"","meta":{"_acf_changed":true,"_seopress_robots_primary_cat":"","_seopress_titles_title":"Les 2 Alpes - Transaltitude ","_seopress_titles_desc":"Rejoignez Les 2 Alpes en car depuis la gare routi\u00e8re de Grenoble ! D\u00e9couvrez les horaires et tarifs pour 2024-2025.","_seopress_robots_index":""},"class_list":["post-75","station","type-station","status-publish","hentry"],"acf":[],"_links":{"self":[{"href":"https:\/\/www.transaltitude.fr\/fr\/wp-json\/wp\/v2\/station\/75","targetHints":{"allow":["GET"]}}],"collection":[{"href":"https:\/\/www.transaltitude.fr\/fr\/wp-json\/wp\/v2\/station"}],"about":[{"href":"https:\/\/www.transaltitude.fr\/fr\/wp-json\/wp\/v2\/types\/station"}],"wp:attachment":[{"href":"https:\/\/www.transaltitude.fr\/fr\/wp-json\/wp\/v2\/media?parent=75"}],"curies":[{"name":"wp","href":"https:\/\/api.w.org\/{rel}","templated":true}]}}

<h2 class="wp-block-heading">Tarifs saison 2025 &#8211; 2026 AU DÉPART DE gRENOBLE GARE ROUTIÈRE</h2>



<div class="wp-block-group station-table-price is-layout-flow wp-block-group-is-layout-flow">
<div class="wp-block-group station-table-price is-layout-flow wp-block-group-is-layout-flow">
<figure class="wp-block-table"><table><thead><tr><th>Prix de vente</th><th>À bord</th><th>En agences</th><th>Sur le web</th></tr></thead><tbody><tr><td>Plein tarif (pour tous) Aller simple</td><td>30 €</td><td>25,50 €</td><td>23,50 €</td></tr><tr><td>Plein tarif (pour tous) Aller-retour</td><td>&#8211;</td><td>46 €</td><td>42 €</td></tr><tr><td>Tarif réduit (- de 26 ans et + de 70 ans) Aller simple</td><td>&#8211;</td><td>21,50 €</td><td>20 €</td></tr><tr><td>Tarif réduit (- de 26 ans et + de 70 ans) Aller-retour</td><td>&#8211;</td><td>39 €</td><td>36 €</td></tr><tr><td>Tarif réduit (abonné cars Région) Aller simple</td><td>&#8211;</td><td>16,50 €</td><td>14,50 €</td></tr><tr><td>Tarif réduit (abonné cars Région) Aller-retour</td><td>&#8211;</td><td>30 €</td><td>26 €</td></tr><tr><td>Tarif TRIBU (5 personnes qui voyagent en même temps) Aller simple</td><td>&#8211;</td><td>80 €</td><td>75 €</td></tr><tr><td>Tarif TRIBU (5 personnes qui voyagent en même temps) Aller-retour</td><td>&#8211;</td><td>152 €</td><td>143 €</td></tr><tr><td>Tarif JOURNÉE Aller-retour dans la même journée</td><td>&#8211;</td><td>27,50 €</td><td>26 €</td></tr></tbody></table></figure>
</div>



<p class="has-info-color has-text-color has-link-color wp-elements-77eb2f9f07352291efaf899b8d6c6aec"><strong>Gratuité pour les enfants de moins de 3 ans (réservation obligatoire).</strong></p>



<p class="has-info-color has-text-color has-link-color wp-elements-daa6f2a8883828c7dc6ea3892ffa3256"><strong>Bagage supplémentaire (en plus du pack bagages inclus dans le prix de votre billet) : 50 €.</strong></p>
</div>



<p>Erratum : sur la fiche horaire papier, sur la période 20/12/25 au 29/03/26, dans le sens Grenoble / Les 2 Alpes / dimanche et jours fériés le car de 12h30 fonctionne uniquement les 21, 22, 28/02/2026 et 01/03/2026. Le car de 14h00 fonctionne sur toute la période.</p>



<p>Défilé « Magic Avenue » aux 2 Alpes les 10, 27, 24 février et 3 mars, avenue de la Muzelle, de 18h00 à 19h30. Perturbations à prévoir.</p>



<p></p>

Rejoignez Les 2 Alpes en car depuis la gare routière de Grenoble ! Découvrez les horaires et tarifs pour 2024-2025.
