{"id":497,"date":"2025-10-22T18:12:34","date_gmt":"2025-10-22T16:12:34","guid":{"rendered":"https:\/\/www.transaltitude.fr\/?post_type=station&#038;p=497"},"modified":"2025-10-22T18:12:35","modified_gmt":"2025-10-22T16:12:35","slug":"alpe-du-grand-serre","status":"publish","type":"station","link":"https:\/\/www.transaltitude.fr\/fr\/station\/alpe-du-grand-serre\/","title":{"rendered":"Alpe du Grand Serre"},"content":{"rendered":"\n<h2 class=\"wp-block-heading\">Tarifs saison 2025 &#8211; 2026 au d\u00e9part de Grenoble<\/h2>\n\n\n\n<div class=\"wp-block-group station-table-price is-layout-flow wp-block-group-is-layout-flow\">\n<figure class=\"wp-block-table\"><table><thead><tr><th>Prix de vente<\/th><th>\u00c0 bord<\/th><th>En agences<\/th><th>Sur le web<\/th><\/tr><\/thead><tbody><tr><td>Plein tarif (pour tous) Aller simple<\/td><td>25\u20ac<\/td><td>20 \u20ac<\/td><td>18 \u20ac<\/td><\/tr><tr><td>Plein tarif (pour tous) Aller-retour<\/td><td>&#8211;<\/td><td>36 \u20ac<\/td><td>31,5 \u20ac<\/td><\/tr><tr><td>Tarif r\u00e9duit (-26 ans et + de 70 ans) Aller simple<\/td><td>&#8211;<\/td><td>17 \u20ac<\/td><td>15,50 \u20ac<\/td><\/tr><tr><td>Tarif r\u00e9duit (-26 ans et + de 70 ans) Aller-retour<\/td><td>&#8211;<\/td><td>31 \u20ac<\/td><td>28 \u20ac<\/td><\/tr><tr><td>Tarif r\u00e9duit (abonn\u00e9 cars R\u00e9gion) Aller simple<\/td><td>&#8211;<\/td><td>13 \u20ac<\/td><td>11,50 \u20ac<\/td><\/tr><tr><td>Tarif r\u00e9duit (abonn\u00e9 cars R\u00e9gion) Aller-retour<\/td><td>&#8211;<\/td><td>23 \u20ac<\/td><td>21 \u20ac<\/td><\/tr><tr><td>Tarif TRIBU (5 personnes qui voyagent en m\u00eame temps) Aller simple<\/td><td>&#8211;<\/td><td>65 \u20ac<\/td><td>60 \u20ac<\/td><\/tr><tr><td>Tarif TRIBU (5 personnes qui voyagent en m\u00eame temps) Aller-retour<\/td><td>&#8211;<\/td><td>123 \u20ac<\/td><td>114 \u20ac<\/td><\/tr><tr><td>Tarif JOURN\u00c9E (aller et retour le m\u00eame jour)<\/td><td><\/td><td>21 \u20ac<\/td><td>20 \u20ac<\/td><\/tr><\/tbody><\/table><\/figure>\n\n\n\n<p class=\"has-info-color has-text-color has-link-color wp-elements-11daa899105ba468efe5ec472f48daaf\"><strong>Gratuit\u00e9 pour les enfants de moins de 3 ans<\/strong> <strong>(r\u00e9servation obligatoire).<\/strong><\/p>\n\n\n\n<p class=\"has-info-color has-text-color has-link-color wp-elements-9c1fe16e856b79586d4849c04edc7d4c\"><strong>Tarif du bagage suppl\u00e9mentaire (en plus du pack bagages inclus dans le prix du billet) : 50 \u20ac<\/strong> <\/p>\n\n\n\n<p><\/p>\n\n\n\n<p><\/p>\n<\/div>\n\n\n\n<p><\/p>\n","protected":false},"template":"","meta":{"_acf_changed":true,"_seopress_robots_primary_cat":"","_seopress_titles_title":"","_seopress_titles_desc":"","_seopress_robots_index":""},"class_list":["post-497","station","type-station","status-publish","hentry"],"acf":[],"_links":{"self":[{"href":"https:\/\/www.transaltitude.fr\/fr\/wp-json\/wp\/v2\/station\/497","targetHints":{"allow":["GET"]}}],"collection":[{"href":"https:\/\/www.transaltitude.fr\/fr\/wp-json\/wp\/v2\/station"}],"about":[{"href":"https:\/\/www.transaltitude.fr\/fr\/wp-json\/wp\/v2\/types\/station"}],"wp:attachment":[{"href":"https:\/\/www.transaltitude.fr\/fr\/wp-json\/wp\/v2\/media?parent=497"}],"curies":[{"name":"wp","href":"https:\/\/api.w.org\/{rel}","templated":true}]}}

<h2 class="wp-block-heading">Tarifs saison 2025 &#8211; 2026 au départ de Grenoble</h2>



<div class="wp-block-group station-table-price is-layout-flow wp-block-group-is-layout-flow">
<figure class="wp-block-table"><table><thead><tr><th>Prix de vente</th><th>À bord</th><th>En agences</th><th>Sur le web</th></tr></thead><tbody><tr><td>Plein tarif (pour tous) Aller simple</td><td>25€</td><td>20 €</td><td>18 €</td></tr><tr><td>Plein tarif (pour tous) Aller-retour</td><td>&#8211;</td><td>36 €</td><td>31,5 €</td></tr><tr><td>Tarif réduit (-26 ans et + de 70 ans) Aller simple</td><td>&#8211;</td><td>17 €</td><td>15,50 €</td></tr><tr><td>Tarif réduit (-26 ans et + de 70 ans) Aller-retour</td><td>&#8211;</td><td>31 €</td><td>28 €</td></tr><tr><td>Tarif réduit (abonné cars Région) Aller simple</td><td>&#8211;</td><td>13 €</td><td>11,50 €</td></tr><tr><td>Tarif réduit (abonné cars Région) Aller-retour</td><td>&#8211;</td><td>23 €</td><td>21 €</td></tr><tr><td>Tarif TRIBU (5 personnes qui voyagent en même temps) Aller simple</td><td>&#8211;</td><td>65 €</td><td>60 €</td></tr><tr><td>Tarif TRIBU (5 personnes qui voyagent en même temps) Aller-retour</td><td>&#8211;</td><td>123 €</td><td>114 €</td></tr><tr><td>Tarif JOURNÉE (aller et retour le même jour)</td><td></td><td>21 €</td><td>20 €</td></tr></tbody></table></figure>



<p class="has-info-color has-text-color has-link-color wp-elements-11daa899105ba468efe5ec472f48daaf"><strong>Gratuité pour les enfants de moins de 3 ans</strong> <strong>(réservation obligatoire).</strong></p>



<p class="has-info-color has-text-color has-link-color wp-elements-9c1fe16e856b79586d4849c04edc7d4c"><strong>Tarif du bagage supplémentaire (en plus du pack bagages inclus dans le prix du billet) : 50 €</strong> </p>



<p></p>



<p></p>
</div>



<p></p>
