{"id":360,"date":"2024-09-17T08:39:09","date_gmt":"2024-09-17T06:39:09","guid":{"rendered":"https:\/\/www.transaltitude.fr\/?page_id=360"},"modified":"2025-08-06T09:38:57","modified_gmt":"2025-08-06T07:38:57","slug":"mentions-legales","status":"publish","type":"page","link":"https:\/\/www.transaltitude.fr\/fr\/mentions-legales\/","title":{"rendered":"Mentions l\u00e9gales \/ Cr\u00e9dits"},"content":{"rendered":"\n<h3 class=\"wp-block-heading\">Comit\u00e9 directeur de publication<\/h3>\n\n\n\n<p>VFD&nbsp; SAS<br>14, rue du Lac<br>CS 20105&nbsp;<br>38120 SAINT-EGREVE CEDEX.<\/p>\n\n\n\n<h3 class=\"wp-block-heading\">R\u00e9alisation technique et h\u00e9bergement<\/h3>\n\n\n\n<p>WEBU &#8211;&nbsp;2 rue Saint Laurent &#8211;&nbsp;38000 Grenoble<\/p>\n\n\n\n<p><a href=\"https:\/\/www.webu.coop\/\" target=\"_blank\" rel=\"noreferrer noopener\">Agence web Grenoble<br><\/a><\/p>\n\n\n\n<h3 class=\"wp-block-heading\">Droits photos :<\/h3>\n\n\n\n<p>Merci aux stations, offices de tourisme et partenaires commer\u00e7ants pour la mise \u00e0 dispositions de photos et logos :<\/p>\n\n\n\n<ul class=\"wp-block-list\">\n<li>VFD : communication \/ Klip.fr<\/li>\n\n\n\n<li>Auris en Oisans : Urope \/ Pascal Tournaire<\/li>\n\n\n\n<li>Alpe du Grand Serre \/ Matheysine Tourisme \/ O. Humeau &nbsp;<\/li>\n\n\n\n<li>Lans en Vercors \/ OTI Vercors Focus Outdoor<\/li>\n\n\n\n<li>Autrans &#8211; M\u00e9audre en Vercors \/ OTI Vercors Focus Outdoor \/ Traym Production<\/li>\n\n\n\n<li>Corren\u00e7on en Vercors \/ Villard de Lans : OT Villard de Lans Corren\u00e7on \/ Carole Savary<\/li>\n\n\n\n<li>Oz 3300 : OTOz3300 \/ Images&amp;R\u00eaves \/ Laurent Chaix \/ SATA<\/li>\n\n\n\n<li>Vaujany : OT Vaujany \/ Olivier Lefebvre-Mocean \/ Images et R\u00eaves<\/li>\n\n\n\n<li>Saint Pierre de Chartreuse &#8211; Le Planolet : association Nouvelles Traces en Chartreuse \/ J\u00e9r\u00f4me Tatin \/ Sophie Bouchez \/ Laurette Botta<\/li>\n\n\n\n<li>Les 2 Alpes : OT Les 2 Alpes \/ LukaLeroy<\/li>\n\n\n\n<li>L&rsquo;Alpe d&rsquo;Huez : OT L&rsquo;Alpe d&rsquo;Huez \/ Agence Hybride (plan de station) \/ Istock photos \/ Isalino \/ Lionel Royet<\/li>\n\n\n\n<li>Villard Reculas : Oisans Tourisme \/ Images et R\u00eaves \/ Urope<\/li>\n\n\n\n<li>Gresse en Vercors : OT Gresse en Vercors \/ Alexis Marcellin<\/li>\n\n\n\n<li>Bon plan SKISET : Skiset \/ Louis Garnier<\/li>\n<\/ul>\n\n\n\n<p><\/p>\n\n\n\n<p><\/p>\n\n\n\n<p><\/p>\n\n\n\n<p><\/p>\n\n\n\n<p><\/p>\n\n\n\n<p><\/p>\n","protected":false},"excerpt":{"rendered":"<p>Comit\u00e9 directeur de publication VFD&nbsp; SAS14, rue du LacCS 20105&nbsp;38120 SAINT-EGREVE CEDEX. R\u00e9alisation technique et h\u00e9bergement WEBU &#8211;&nbsp;2 rue Saint Laurent &#8211;&nbsp;38000 Grenoble Agence web Grenoble Droits photos : Merci aux stations, offices de tourisme et partenaires commer\u00e7ants pour la mise \u00e0 dispositions de photos et logos :<\/p>\n","protected":false},"author":1,"featured_media":0,"parent":0,"menu_order":0,"comment_status":"closed","ping_status":"closed","template":"","meta":{"_acf_changed":false,"_seopress_robots_primary_cat":"","_seopress_titles_title":"Mentions L\u00e9gales - Transaltitude","_seopress_titles_desc":"Construction - H\u00e9bergement du site \/ Droits photos \/ Offices de Tourisme et station partenaires ","_seopress_robots_index":"","footnotes":""},"class_list":["post-360","page","type-page","status-publish","hentry"],"acf":[],"_links":{"self":[{"href":"https:\/\/www.transaltitude.fr\/fr\/wp-json\/wp\/v2\/pages\/360","targetHints":{"allow":["GET"]}}],"collection":[{"href":"https:\/\/www.transaltitude.fr\/fr\/wp-json\/wp\/v2\/pages"}],"about":[{"href":"https:\/\/www.transaltitude.fr\/fr\/wp-json\/wp\/v2\/types\/page"}],"author":[{"embeddable":true,"href":"https:\/\/www.transaltitude.fr\/fr\/wp-json\/wp\/v2\/users\/1"}],"replies":[{"embeddable":true,"href":"https:\/\/www.transaltitude.fr\/fr\/wp-json\/wp\/v2\/comments?post=360"}],"version-history":[{"count":22,"href":"https:\/\/www.transaltitude.fr\/fr\/wp-json\/wp\/v2\/pages\/360\/revisions"}],"predecessor-version":[{"id":2643,"href":"https:\/\/www.transaltitude.fr\/fr\/wp-json\/wp\/v2\/pages\/360\/revisions\/2643"}],"wp:attachment":[{"href":"https:\/\/www.transaltitude.fr\/fr\/wp-json\/wp\/v2\/media?parent=360"}],"curies":[{"name":"wp","href":"https:\/\/api.w.org\/{rel}","templated":true}]}}

Mentions légales / Crédits

<h3 class="wp-block-heading">Comité directeur de publication</h3>



<p>VFD&nbsp; SAS<br>14, rue du Lac<br>CS 20105&nbsp;<br>38120 SAINT-EGREVE CEDEX.</p>



<h3 class="wp-block-heading">Réalisation technique et hébergement</h3>



<p>WEBU &#8211;&nbsp;2 rue Saint Laurent &#8211;&nbsp;38000 Grenoble</p>



<p><a href="https://www.webu.coop/" target="_blank" rel="noreferrer noopener">Agence web Grenoble<br></a></p>



<h3 class="wp-block-heading">Droits photos :</h3>



<p>Merci aux stations, offices de tourisme et partenaires commerçants pour la mise à dispositions de photos et logos :</p>



<ul class="wp-block-list">
<li>VFD : communication / Klip.fr</li>



<li>Auris en Oisans : Urope / Pascal Tournaire</li>



<li>Alpe du Grand Serre / Matheysine Tourisme / O. Humeau &nbsp;</li>



<li>Lans en Vercors / OTI Vercors Focus Outdoor</li>



<li>Autrans &#8211; Méaudre en Vercors / OTI Vercors Focus Outdoor / Traym Production</li>



<li>Corrençon en Vercors / Villard de Lans : OT Villard de Lans Corrençon / Carole Savary</li>



<li>Oz 3300 : OTOz3300 / Images&amp;Rêves / Laurent Chaix / SATA</li>



<li>Vaujany : OT Vaujany / Olivier Lefebvre-Mocean / Images et Rêves</li>



<li>Saint Pierre de Chartreuse &#8211; Le Planolet : association Nouvelles Traces en Chartreuse / Jérôme Tatin / Sophie Bouchez / Laurette Botta</li>



<li>Les 2 Alpes : OT Les 2 Alpes / LukaLeroy</li>



<li>L&rsquo;Alpe d&rsquo;Huez : OT L&rsquo;Alpe d&rsquo;Huez / Agence Hybride (plan de station) / Istock photos / Isalino / Lionel Royet</li>



<li>Villard Reculas : Oisans Tourisme / Images et Rêves / Urope</li>



<li>Gresse en Vercors : OT Gresse en Vercors / Alexis Marcellin</li>



<li>Bon plan SKISET : Skiset / Louis Garnier</li>
</ul>



<p></p>



<p></p>



<p></p>



<p></p>



<p></p>



<p></p>

<p>Comité directeur de publication VFD&nbsp; SAS14, rue du LacCS 20105&nbsp;38120 SAINT-EGREVE CEDEX. Réalisation technique et hébergement WEBU &#8211;&nbsp;2 rue Saint Laurent &#8211;&nbsp;38000 Grenoble Agence web Grenoble Droits photos : Merci aux stations, offices de tourisme et partenaires commerçants pour la mise à dispositions de photos et logos :</p>

Mentions Légales - Transaltitude

Construction - Hébergement du site / Droits photos / Offices de Tourisme et station partenaires
