{"id":325,"date":"2024-09-13T16:18:18","date_gmt":"2024-09-13T14:18:18","guid":{"rendered":"https:\/\/www.transaltitude.fr\/?page_id=325"},"modified":"2025-11-26T11:49:09","modified_gmt":"2025-11-26T10:49:09","slug":"presentation-skiligne","status":"publish","type":"page","link":"https:\/\/www.transaltitude.fr\/fr\/presentation-skiligne\/","title":{"rendered":"SKILIGNE"},"content":{"rendered":"\n<h2 class=\"wp-block-heading\">SkilignE, C&rsquo;EST LE TRANSPORT EN CAR + LE FORFAIT DE SKI ALPIN OU NORDIQUE<\/h2>\n\n\n\n<p><strong>Profitez d\u2019une offre tout compris \u00e0 la journ\u00e9e \u00e0 petit prix \u00e0 destination de 8 stations !<\/strong> Vos stations en toute libert\u00e9 ! Ski alpin ou Nordique, d\u00e9sormais vous pouvez choisir !<\/p>\n\n\n\n<p><strong>11 SKILIGNE ALPIN<\/strong> cet hiver pour d\u00e9couvrir de nouveaux domaines :<\/p>\n\n\n\n<ul class=\"wp-block-list\">\n<li>Les 2 Alpes<\/li>\n\n\n\n<li>Alpe d&rsquo;Huez*<\/li>\n\n\n\n<li>Alpe du Grand Serre<\/li>\n\n\n\n<li>Autrans &#8211; M\u00e9audre en Vercors (secteur Autrans) <strong><em>NOUVEAU !<\/em><\/strong> <\/li>\n\n\n\n<li>Oz 3300* <\/li>\n\n\n\n<li>Vaujany* <\/li>\n\n\n\n<li>Allemont Eau d&rsquo;Olle Express* <\/li>\n\n\n\n<li>Lans en Vercors <\/li>\n\n\n\n<li>Gresse en Vercors <\/li>\n\n\n\n<li>Le Planolet &#8211; Saint Pierre de Chartreuse<\/li>\n\n\n\n<li>La Stass&rsquo; &#8211; Saint Pierre de Chartreuse <strong><em>NOUVEAU !<\/em><\/strong><\/li>\n<\/ul>\n\n\n\n<p><em>* acc\u00e8s au \u00ab\u00a0Grand domaine Alpe d&rsquo;Huez ski\u00a0\u00bb<\/em><\/p>\n\n\n\n<p><strong>2 SKILIGNE NORDIQUE<\/strong> cet hiver pour ceux qui pr\u00e9f\u00e8rent le ski de fond :<\/p>\n\n\n\n<ul class=\"wp-block-list\">\n<li>Autrans &#8211; M\u00e9audre en Vercors (secteur Autrans) : au d\u00e9part du Foyer de ski de fond d&rsquo;Autrans<\/li>\n\n\n\n<li>Gresse en Vercors <\/li>\n<\/ul>\n\n\n\n<p><strong>Les forfaits ski nordiques ou alpins sont remis en gare routi\u00e8re de Grenoble ou en station suivant la destination. <\/strong> <\/p>\n\n\n\n<h2 class=\"wp-block-heading\">Skiligne mode d&#8217;emploi <\/h2>\n\n\n\n<details class=\"wp-block-details is-layout-flow wp-block-details-is-layout-flow\"><summary>O\u00f9 acheter mon Skiligne ? <\/summary>\n<ul class=\"wp-block-list\">\n<li>En ligne depuis notre page d&rsquo;accueil \u00ab\u00a0Trouvez votre trajet\u00a0\u00bb en cochant la case \u00ab\u00a0Offre Skiligne\u00a0\u00bb <\/li>\n\n\n\n<li>Par t\u00e9l\u00e9phone aupr\u00e8s du centre d&rsquo;appels cars R\u00e9gion au 04 8000 7000<\/li>\n\n\n\n<li>En gare SNCF, au point billetterie info O\u00f9ra, le jour m\u00eame au tarif agence (suppl\u00e9ment de 2 \u20ac par rapport au tarif web pour toutes les stations sauf Villard de Lans suppl\u00e9ment de 1 \u20ac). Les offres \u00ab\u00a0Promo\u00a0\u00bb&nbsp;ne sont vendues que sur le web.&nbsp;<\/li>\n<\/ul>\n\n\n\n<p>Vous pouvez r\u00e9server un billet jusqu&rsquo;\u00e0&nbsp;<strong>15 minutes&nbsp;<\/strong>avant l&rsquo;horaire de d\u00e9part,&nbsp;<strong>sous r\u00e9serve de places disponibles<\/strong>.&nbsp;Les v\u00e9hicules sont souvent complets, le mieux est d&rsquo;anticiper&nbsp;la r\u00e9servation de votre place. Les d\u00e9parts se font depuis la gare routi\u00e8re de Grenoble.<\/p>\n\n\n\n<p>Attention ! Une fois achet\u00e9,<strong>&nbsp;l&rsquo;offre promotionnelle SKILIGNE ne peut \u00eatre ni \u00e9chang\u00e9e ni rembours\u00e9e<\/strong>.&nbsp;<\/p>\n\n\n\n<p>L&rsquo;assurance n&rsquo;est pas comprise dans le forfait. Vous pouvez la prendre en station aupr\u00e8s des caisses des remont\u00e9es m\u00e9caniques.<\/p>\n<\/details>\n\n\n\n<details class=\"wp-block-details is-layout-flow wp-block-details-is-layout-flow\"><summary>Remise des forfaits<\/summary>\n<p>Les forfaits sont remis le matin en gare routi\u00e8re de Grenoble sur pr\u00e9sentation de votre billet (papier ou num\u00e9rique). <\/p>\n\n\n\n<p><strong>Pr\u00e9sentez vous en gare au moins 20 minutes avant l&rsquo;horaire de d\u00e9part<\/strong>, aux bornes mobiles Transaltitude \/ Skiligne pour faire valider votre billet et r\u00e9cup\u00e9rer votre forfait. Aucun forfait n&rsquo;est remis en station pour les clients ayant r\u00e9serv\u00e9 des d\u00e9parts depuis Grenoble, pensez-y avant de monter dans le car !<\/p>\n\n\n\n<p><strong>ATTENTION, exception pour certaines stations o\u00f9 le forfait est \u00e0 r\u00e9cup\u00e9rer aux caisses des stations :<\/strong><\/p>\n\n\n\n<ul class=\"wp-block-list\">\n<li>Saint Pierre de Chartreuse : depuis Voiron et Saint-Laurent-du-Pont <\/li>\n\n\n\n<li>Gresse-en-Vercors : depuis Monestier de Clermont <\/li>\n<\/ul>\n<\/details>\n\n\n\n<details class=\"wp-block-details is-layout-flow wp-block-details-is-layout-flow\"><summary>Horaires de d\u00e9parts et de retour <\/summary>\n<p>Attention !&nbsp;<strong>Les horaires du matin et du soir sont fixes<\/strong>. <\/p>\n\n\n\n<p>L&rsquo;horaire de retour est automatique associ\u00e9 \u00e0 l&rsquo;horaire de d\u00e9part.&nbsp;L&rsquo;aller et retour se font dans la m\u00eame journ\u00e9e. Les arr\u00eats en station de d\u00e9pose le matin et de retour le soir &nbsp;sont les m\u00eames&nbsp;<strong>except\u00e9 pour la station des 2 Alpes ou l&rsquo;arr\u00eat de retour est situ\u00e9 rue des Sagnes.&nbsp;<\/strong><\/p>\n<\/details>\n\n\n\n<details class=\"wp-block-details is-layout-flow wp-block-details-is-layout-flow\"><summary>Bagages<\/summary>\n<p>Vous pouvez emporter un<strong> sac \u00e0 dos <\/strong>et votre <strong>mat\u00e9riel de ski.<\/strong> Les chaussures, surfs, skis, b\u00e2tons doivent \u00eatre mis dans les soutes. <\/p>\n\n\n\n<p><strong>Personnalisez et \u00e9tiquetez vos housses de transports : cela \u00e9vitera qu&rsquo;un autre voyageur emporte votre mat\u00e9riel par erreur !<\/strong><\/p>\n\n\n\n<p>Une fois arriv\u00e9 en station, ne laissez aucun effet personnel dans le v\u00e9hicule. En effet, le car peut \u00eatre diff\u00e9rent au retour le soir. Certaines stations proposent des consignes. Renseignez vous aupr\u00e8s des offices de tourisme.<\/p>\n\n\n\n<p>Pour des raisons de s\u00e9curit\u00e9, en cas d&rsquo;\u00e9vacuation d&rsquo;urgence notamment, <strong>il est interdit de monter \u00e0 bord en chaussures de ski.<\/strong><\/p>\n<\/details>\n\n\n\n<details class=\"wp-block-details is-layout-flow wp-block-details-is-layout-flow\"><summary>Fermeture des pistes pour conditions m\u00e9t\u00e9orologiques<\/summary>\n<p>Vous avez d\u00e9j\u00e0 votre forfait : vous devrez vous adresser directement aux caisses des remont\u00e9es m\u00e9caniques qui d\u00e9cideront de reporter le forfait ou non.<\/p>\n\n\n\n<p>Vous disposez d&rsquo;une contremarque : vous pourrez l&rsquo;\u00e9changer en caisse un autre jour mais vous devrez racheter un billet de transport.<\/p>\n\n\n\n<p>Une fois utilis\u00e9 le transport ne peut \u00eatre report\u00e9 ou rembours\u00e9.<\/p>\n<\/details>\n\n\n\n<details class=\"wp-block-details is-layout-flow wp-block-details-is-layout-flow\"><summary>Assurance neige<\/summary>\n<p><strong>L&rsquo;assurance neige n&rsquo;est pas incluse dans le forfait. <\/strong><\/p>\n\n\n\n<p>Pour la contracter, merci de vous adresser aux caisses des remont\u00e9es m\u00e9caniques de la station.<\/p>\n<\/details>\n\n\n\n<p><\/p>\n\n\n\n<p><\/p>\n","protected":false},"excerpt":{"rendered":"<p>SkilignE, C&rsquo;EST LE TRANSPORT EN CAR + LE FORFAIT DE SKI ALPIN OU NORDIQUE Profitez d\u2019une offre tout compris \u00e0 la journ\u00e9e \u00e0 petit prix \u00e0 destination de 8 stations ! Vos stations en toute libert\u00e9 ! Ski alpin ou Nordique, d\u00e9sormais vous pouvez choisir ! 11 SKILIGNE ALPIN cet hiver pour d\u00e9couvrir de nouveaux [&hellip;]<\/p>\n","protected":false},"author":1,"featured_media":0,"parent":0,"menu_order":0,"comment_status":"closed","ping_status":"closed","template":"","meta":{"_acf_changed":false,"_seopress_robots_primary_cat":"","_seopress_titles_title":"","_seopress_titles_desc":"","_seopress_robots_index":"","footnotes":""},"class_list":["post-325","page","type-page","status-publish","hentry"],"acf":[],"_links":{"self":[{"href":"https:\/\/www.transaltitude.fr\/fr\/wp-json\/wp\/v2\/pages\/325","targetHints":{"allow":["GET"]}}],"collection":[{"href":"https:\/\/www.transaltitude.fr\/fr\/wp-json\/wp\/v2\/pages"}],"about":[{"href":"https:\/\/www.transaltitude.fr\/fr\/wp-json\/wp\/v2\/types\/page"}],"author":[{"embeddable":true,"href":"https:\/\/www.transaltitude.fr\/fr\/wp-json\/wp\/v2\/users\/1"}],"replies":[{"embeddable":true,"href":"https:\/\/www.transaltitude.fr\/fr\/wp-json\/wp\/v2\/comments?post=325"}],"version-history":[{"count":29,"href":"https:\/\/www.transaltitude.fr\/fr\/wp-json\/wp\/v2\/pages\/325\/revisions"}],"predecessor-version":[{"id":2803,"href":"https:\/\/www.transaltitude.fr\/fr\/wp-json\/wp\/v2\/pages\/325\/revisions\/2803"}],"wp:attachment":[{"href":"https:\/\/www.transaltitude.fr\/fr\/wp-json\/wp\/v2\/media?parent=325"}],"curies":[{"name":"wp","href":"https:\/\/api.w.org\/{rel}","templated":true}]}}

<h2 class="wp-block-heading">SkilignE, C&rsquo;EST LE TRANSPORT EN CAR + LE FORFAIT DE SKI ALPIN OU NORDIQUE</h2>



<p><strong>Profitez d’une offre tout compris à la journée à petit prix à destination de 8 stations !</strong> Vos stations en toute liberté ! Ski alpin ou Nordique, désormais vous pouvez choisir !</p>



<p><strong>11 SKILIGNE ALPIN</strong> cet hiver pour découvrir de nouveaux domaines :</p>



<ul class="wp-block-list">
<li>Les 2 Alpes</li>



<li>Alpe d&rsquo;Huez*</li>



<li>Alpe du Grand Serre</li>



<li>Autrans &#8211; Méaudre en Vercors (secteur Autrans) <strong><em>NOUVEAU !</em></strong> </li>



<li>Oz 3300* </li>



<li>Vaujany* </li>



<li>Allemont Eau d&rsquo;Olle Express* </li>



<li>Lans en Vercors </li>



<li>Gresse en Vercors </li>



<li>Le Planolet &#8211; Saint Pierre de Chartreuse</li>



<li>La Stass&rsquo; &#8211; Saint Pierre de Chartreuse <strong><em>NOUVEAU !</em></strong></li>
</ul>



<p><em>* accès au « Grand domaine Alpe d&rsquo;Huez ski »</em></p>



<p><strong>2 SKILIGNE NORDIQUE</strong> cet hiver pour ceux qui préfèrent le ski de fond :</p>



<ul class="wp-block-list">
<li>Autrans &#8211; Méaudre en Vercors (secteur Autrans) : au départ du Foyer de ski de fond d&rsquo;Autrans</li>



<li>Gresse en Vercors </li>
</ul>



<p><strong>Les forfaits ski nordiques ou alpins sont remis en gare routière de Grenoble ou en station suivant la destination. </strong> </p>



<h2 class="wp-block-heading">Skiligne mode d&#8217;emploi </h2>



<details class="wp-block-details is-layout-flow wp-block-details-is-layout-flow"><summary>Où acheter mon Skiligne ? </summary>
<ul class="wp-block-list">
<li>En ligne depuis notre page d&rsquo;accueil « Trouvez votre trajet » en cochant la case « Offre Skiligne » </li>



<li>Par téléphone auprès du centre d&rsquo;appels cars Région au 04 8000 7000</li>



<li>En gare SNCF, au point billetterie info Oùra, le jour même au tarif agence (supplément de 2 € par rapport au tarif web pour toutes les stations sauf Villard de Lans supplément de 1 €). Les offres « Promo »&nbsp;ne sont vendues que sur le web.&nbsp;</li>
</ul>



<p>Vous pouvez réserver un billet jusqu&rsquo;à&nbsp;<strong>15 minutes&nbsp;</strong>avant l&rsquo;horaire de départ,&nbsp;<strong>sous réserve de places disponibles</strong>.&nbsp;Les véhicules sont souvent complets, le mieux est d&rsquo;anticiper&nbsp;la réservation de votre place. Les départs se font depuis la gare routière de Grenoble.</p>



<p>Attention ! Une fois acheté,<strong>&nbsp;l&rsquo;offre promotionnelle SKILIGNE ne peut être ni échangée ni remboursée</strong>.&nbsp;</p>



<p>L&rsquo;assurance n&rsquo;est pas comprise dans le forfait. Vous pouvez la prendre en station auprès des caisses des remontées mécaniques.</p>
</details>



<details class="wp-block-details is-layout-flow wp-block-details-is-layout-flow"><summary>Remise des forfaits</summary>
<p>Les forfaits sont remis le matin en gare routière de Grenoble sur présentation de votre billet (papier ou numérique). </p>



<p><strong>Présentez vous en gare au moins 20 minutes avant l&rsquo;horaire de départ</strong>, aux bornes mobiles Transaltitude / Skiligne pour faire valider votre billet et récupérer votre forfait. Aucun forfait n&rsquo;est remis en station pour les clients ayant réservé des départs depuis Grenoble, pensez-y avant de monter dans le car !</p>



<p><strong>ATTENTION, exception pour certaines stations où le forfait est à récupérer aux caisses des stations :</strong></p>



<ul class="wp-block-list">
<li>Saint Pierre de Chartreuse : depuis Voiron et Saint-Laurent-du-Pont </li>



<li>Gresse-en-Vercors : depuis Monestier de Clermont </li>
</ul>
</details>



<details class="wp-block-details is-layout-flow wp-block-details-is-layout-flow"><summary>Horaires de départs et de retour </summary>
<p>Attention !&nbsp;<strong>Les horaires du matin et du soir sont fixes</strong>. </p>



<p>L&rsquo;horaire de retour est automatique associé à l&rsquo;horaire de départ.&nbsp;L&rsquo;aller et retour se font dans la même journée. Les arrêts en station de dépose le matin et de retour le soir &nbsp;sont les mêmes&nbsp;<strong>excepté pour la station des 2 Alpes ou l&rsquo;arrêt de retour est situé rue des Sagnes.&nbsp;</strong></p>
</details>



<details class="wp-block-details is-layout-flow wp-block-details-is-layout-flow"><summary>Bagages</summary>
<p>Vous pouvez emporter un<strong> sac à dos </strong>et votre <strong>matériel de ski.</strong> Les chaussures, surfs, skis, bâtons doivent être mis dans les soutes. </p>



<p><strong>Personnalisez et étiquetez vos housses de transports : cela évitera qu&rsquo;un autre voyageur emporte votre matériel par erreur !</strong></p>



<p>Une fois arrivé en station, ne laissez aucun effet personnel dans le véhicule. En effet, le car peut être différent au retour le soir. Certaines stations proposent des consignes. Renseignez vous auprès des offices de tourisme.</p>



<p>Pour des raisons de sécurité, en cas d&rsquo;évacuation d&rsquo;urgence notamment, <strong>il est interdit de monter à bord en chaussures de ski.</strong></p>
</details>



<details class="wp-block-details is-layout-flow wp-block-details-is-layout-flow"><summary>Fermeture des pistes pour conditions météorologiques</summary>
<p>Vous avez déjà votre forfait : vous devrez vous adresser directement aux caisses des remontées mécaniques qui décideront de reporter le forfait ou non.</p>



<p>Vous disposez d&rsquo;une contremarque : vous pourrez l&rsquo;échanger en caisse un autre jour mais vous devrez racheter un billet de transport.</p>



<p>Une fois utilisé le transport ne peut être reporté ou remboursé.</p>
</details>



<details class="wp-block-details is-layout-flow wp-block-details-is-layout-flow"><summary>Assurance neige</summary>
<p><strong>L&rsquo;assurance neige n&rsquo;est pas incluse dans le forfait. </strong></p>



<p>Pour la contracter, merci de vous adresser aux caisses des remontées mécaniques de la station.</p>
</details>



<p></p>



<p></p>

<p>SkilignE, C&rsquo;EST LE TRANSPORT EN CAR + LE FORFAIT DE SKI ALPIN OU NORDIQUE Profitez d’une offre tout compris à la journée à petit prix à destination de 8 stations ! Vos stations en toute liberté ! Ski alpin ou Nordique, désormais vous pouvez choisir ! 11 SKILIGNE ALPIN cet hiver pour découvrir de nouveaux [&hellip;]</p>
