{"id":320,"date":"2024-09-13T16:11:16","date_gmt":"2024-09-13T14:11:16","guid":{"rendered":"https:\/\/www.transaltitude.fr\/?page_id=320"},"modified":"2024-10-25T18:02:09","modified_gmt":"2024-10-25T16:02:09","slug":"qui-sommes-nous","status":"publish","type":"page","link":"https:\/\/www.transaltitude.fr\/fr\/qui-sommes-nous\/","title":{"rendered":"Qui sommes-nous ?"},"content":{"rendered":"\n<figure class=\"wp-block-image size-full\"><img loading=\"lazy\" decoding=\"async\" width=\"920\" height=\"400\" src=\"https:\/\/www.transaltitude.fr\/wp-content\/uploads\/2024\/10\/qui-sommes-nous.jpg\" alt=\"\" class=\"wp-image-1650\" srcset=\"https:\/\/www.transaltitude.fr\/wp-content\/uploads\/2024\/10\/qui-sommes-nous.jpg 920w, https:\/\/www.transaltitude.fr\/wp-content\/uploads\/2024\/10\/qui-sommes-nous-300x130.jpg 300w, https:\/\/www.transaltitude.fr\/wp-content\/uploads\/2024\/10\/qui-sommes-nous-768x334.jpg 768w\" sizes=\"auto, (max-width: 920px) 100vw, 920px\" \/><\/figure>\n\n\n\n<p>La R\u00e9gion Auvergne-Rh\u00f4ne-Alpes et le D\u00e9partement de l&rsquo;Is\u00e8re confient l&rsquo;exploitation des lignes Transaltitude, le d\u00e9veloppement commercial et la promotion \u00e0 VFD dans le cadre d&rsquo;un march\u00e9 de D\u00e9l\u00e9gation de Service Public. Depuis 2009, durant la saison hivernale, l&rsquo;offre transport par autocars destin\u00e9e aux voyageurs r\u00e9guliers (Lignes Cars R\u00e9gion, pour les trajets\u00a0domicile travail et scolaires) de celle destin\u00e9e aux voyageurs occasionnels (trajets touristiques et\u00a0loisirs) est dissoci\u00e9e gr\u00e2ce au r\u00e9seau Transaltitude.<\/p>\n\n\n\n<p>Les lignes Transaltitude ont pour vocation d&rsquo;acheminer la client\u00e8le touristique (s\u00e9jour et locale) vers les stations de ski des massifs is\u00e9rois au d\u00e9part des gares routi\u00e8res de Grenoble, Valence TGV et Voiron. Une offre transport sp\u00e9ciale est mise en place chaque hiver vous permettant de rejoindre 14 stations is\u00e9roises.<\/p>\n\n\n\n<p>Chaque hiver, 100 000 voyageurs en moyenne rejoignent leurs stations en car, contribuant ainsi \u00e0 limiter le nombre de voitures sur les routes et \u00e0 pr\u00e9server l&rsquo;environnement naturel de nos massifs.<\/p>\n\n\n\n<p>Les horaires des cars Transaltitude sont d\u00e9termin\u00e9s en fonction des horaires d&rsquo;arriv\u00e9e et d\u00e9part des principaux trains en gare SNCF de Grenoble et de Valence TGV Rh\u00f4ne-Alpes ainsi qu&rsquo;aux navettes en provenance des\u00a0a\u00e9roports de Lyon St Exup\u00e9ry\u00a0 et de\u00a0Gen\u00e8ve A\u00e9roport.<\/p>\n\n\n\n<p><\/p>\n\n\n\n<p><\/p>\n","protected":false},"excerpt":{"rendered":"<p>La R\u00e9gion Auvergne-Rh\u00f4ne-Alpes et le D\u00e9partement de l&rsquo;Is\u00e8re confient l&rsquo;exploitation des lignes Transaltitude, le d\u00e9veloppement commercial et la promotion \u00e0 VFD dans le cadre d&rsquo;un march\u00e9 de D\u00e9l\u00e9gation de Service Public. Depuis 2009, durant la saison hivernale, l&rsquo;offre transport par autocars destin\u00e9e aux voyageurs r\u00e9guliers (Lignes Cars R\u00e9gion, pour les trajets\u00a0domicile travail et scolaires) de [&hellip;]<\/p>\n","protected":false},"author":1,"featured_media":0,"parent":0,"menu_order":0,"comment_status":"closed","ping_status":"closed","template":"","meta":{"_acf_changed":false,"_seopress_robots_primary_cat":"","_seopress_titles_title":"","_seopress_titles_desc":"","_seopress_robots_index":"","footnotes":""},"class_list":["post-320","page","type-page","status-publish","hentry"],"acf":[],"_links":{"self":[{"href":"https:\/\/www.transaltitude.fr\/fr\/wp-json\/wp\/v2\/pages\/320","targetHints":{"allow":["GET"]}}],"collection":[{"href":"https:\/\/www.transaltitude.fr\/fr\/wp-json\/wp\/v2\/pages"}],"about":[{"href":"https:\/\/www.transaltitude.fr\/fr\/wp-json\/wp\/v2\/types\/page"}],"author":[{"embeddable":true,"href":"https:\/\/www.transaltitude.fr\/fr\/wp-json\/wp\/v2\/users\/1"}],"replies":[{"embeddable":true,"href":"https:\/\/www.transaltitude.fr\/fr\/wp-json\/wp\/v2\/comments?post=320"}],"version-history":[{"count":6,"href":"https:\/\/www.transaltitude.fr\/fr\/wp-json\/wp\/v2\/pages\/320\/revisions"}],"predecessor-version":[{"id":1790,"href":"https:\/\/www.transaltitude.fr\/fr\/wp-json\/wp\/v2\/pages\/320\/revisions\/1790"}],"wp:attachment":[{"href":"https:\/\/www.transaltitude.fr\/fr\/wp-json\/wp\/v2\/media?parent=320"}],"curies":[{"name":"wp","href":"https:\/\/api.w.org\/{rel}","templated":true}]}}

<figure class="wp-block-image size-full"><img loading="lazy" decoding="async" width="920" height="400" src="https://www.transaltitude.fr/wp-content/uploads/2024/10/qui-sommes-nous.jpg" alt="" class="wp-image-1650" srcset="https://www.transaltitude.fr/wp-content/uploads/2024/10/qui-sommes-nous.jpg 920w, https://www.transaltitude.fr/wp-content/uploads/2024/10/qui-sommes-nous-300x130.jpg 300w, https://www.transaltitude.fr/wp-content/uploads/2024/10/qui-sommes-nous-768x334.jpg 768w" sizes="auto, (max-width: 920px) 100vw, 920px" /></figure>



<p>La Région Auvergne-Rhône-Alpes et le Département de l&rsquo;Isère confient l&rsquo;exploitation des lignes Transaltitude, le développement commercial et la promotion à VFD dans le cadre d&rsquo;un marché de Délégation de Service Public. Depuis 2009, durant la saison hivernale, l&rsquo;offre transport par autocars destinée aux voyageurs réguliers (Lignes Cars Région, pour les trajets domicile travail et scolaires) de celle destinée aux voyageurs occasionnels (trajets touristiques et loisirs) est dissociée grâce au réseau Transaltitude.</p>



<p>Les lignes Transaltitude ont pour vocation d&rsquo;acheminer la clientèle touristique (séjour et locale) vers les stations de ski des massifs isérois au départ des gares routières de Grenoble, Valence TGV et Voiron. Une offre transport spéciale est mise en place chaque hiver vous permettant de rejoindre 14 stations iséroises.</p>



<p>Chaque hiver, 100 000 voyageurs en moyenne rejoignent leurs stations en car, contribuant ainsi à limiter le nombre de voitures sur les routes et à préserver l&rsquo;environnement naturel de nos massifs.</p>



<p>Les horaires des cars Transaltitude sont déterminés en fonction des horaires d&rsquo;arrivée et départ des principaux trains en gare SNCF de Grenoble et de Valence TGV Rhône-Alpes ainsi qu&rsquo;aux navettes en provenance des aéroports de Lyon St Exupéry  et de Genève Aéroport.</p>



<p></p>



<p></p>

<p>La Région Auvergne-Rhône-Alpes et le Département de l&rsquo;Isère confient l&rsquo;exploitation des lignes Transaltitude, le développement commercial et la promotion à VFD dans le cadre d&rsquo;un marché de Délégation de Service Public. Depuis 2009, durant la saison hivernale, l&rsquo;offre transport par autocars destinée aux voyageurs réguliers (Lignes Cars Région, pour les trajets domicile travail et scolaires) de [&hellip;]</p>
